 a - 132. Let n be f(8). Let o(l) = 2*l**2 + 27*l + 14. Calculate o(n).
-22
Let v = 783 - 777. Let d(b) = 118*b**2 + b - 2*b - 229*b**2 - v + 112*b**2. Let r(w) = w**2 + 4*w - 5. Let h be r(-5). What is d(h)?
-6
Let a(y) = -y**3 + 14*y**2 - 14*y + 21. Let q(p) = -p**3 + 68*p**2 - 375*p + 199. Let s be q(62). Calculate a(s).
8
Let j = -173 - -172. Let b(r) = -7*r**3 - 7*r**2 + 5*r - 4. Let h(o) = -2*o**3 - o**2 + o - 1. Let s(q) = j*b(q) + 4*h(q). What is s(3)?
-3
Let r(u) = 4*u**2 - 4*u**3 + 239*u + 3*u**3 + 359*u - 523*u + 36 + 11*u**2. Give r(19).
17
Let x(q) = 4*q + 1. Let n = -53 - -843. Suppose -14 = -783*k + n*k. What is x(k)?
-7
Let u = -155 - -149. Let r(p) = -167*p**2 - p**3 + 8*p + 12 + 81*p**2 + 81*p**2. Calculate r(u).
0
Let j(d) be the first derivative of 11/3*d**3 + 3 + 11/2*d**2 - 1/4*d**4 + 8*d. Let u be j(12). Let k(q) = q**3 + 3*q**2 - 3*q + 2. Determine k(u).
-2
Let k(v) be the third derivative of -25*v**4/24 - 211*v**3/6 - 2429*v**2 - 1. Calculate k(-9).
14
Suppose 12*p = 10*p + 10. Suppose 3*f + 5*r - 52 = 0, -p*f = 3*r - 6*r - 132. Let h = f - 21. Let g(i) = -i + 2. Calculate g(h).
-1
Let a(n) = 1 - 23*n**2 + 43*n**2 - 21*n**2 + 8 + 15*n + 18. Calculate a(17).
-7
Let s(w) = -14*w**3 + 15*w**2 - 5*w + 10. Let o(i) = 7*i**3 - 6*i**2 + 2*i - 4. Let z(h) = -5*o(h) - 2*s(h). Determine z(2).
-56
Let a(c) be the third derivative of -c**9/60480 + c**8/10080 - 59*c**5/60 + c**4/24 - 5*c**2 - 4*c. Let g(w) be the third derivative of a(w). Give g(2).
0
Let d(u) = u**3 - 17*u**2 - 18*u - 9. Suppose 4*r - 129 + 65 = -4*s, -3*s = r - 12. What is d(r)?
-9
Let z = 0 - 1. Let i be 18/2 - 4*7/(-14). Let v(u) = -i*u**2 + 37*u**2 - 1 - 7*u**2 - 4*u**2 - 6*u**2. Calculate v(z).
8
Let l(w) = -w**3 + 6*w**2 + 9*w - 11. Suppose -64 - 210 = -51*h + 32. Calculate l(h).
43
Let j(r) = r + 16. Let v be j(-14). Suppose 2*h - 8 = -4*s, -2*h + 3 = -v*s - 5. Let x(p) = -17 + p**2 - 7*p + 22 + s*p**2. Give x(7).
5
Let l(b) = -8*b**2 - 3*b - 2. Let h = -7602 - -7601. Determine l(h).
-7
Let o(g) = -2*g - 2*g + 6*g - 13. Let r(q) = 8*q - 40. Let u be r(5). Suppose -4*s - 2*j + 0*j + 50 = u, -4*j + 10 = -s. Give o(s).
7
Let m be (-2)/6 + (-120)/(-9). Suppose -34 = -2*h - 2*h - 5*r, 3*h - 12 = 3*r. Let x(t) = -h + m*t - 18*t + 7*t. Calculate x(7).
8
Let l(h) = 10*h + 13*h + 7 - 18*h. Let f(o) = -2*o - 2. Let x(d) = -7*f(d) - 2*l(d). Calculate x(8).
32
Suppose 4*t - 13 = -5*p, -3*p + 2*t = -2*t - 27. Let v(g) = 2 - 65*g - 7 + 62*g + 10 + 15. Give v(p).
5
Let y(s) = 2*s**3 + 12*s**2 - 2*s - 5. Let l(u) = -u**2 - 60*u - 177. Let n be l(-3). Give y(n).
7
Let b be 10/(-4) - ((-151)/10 - (-7449)/2865). Let a(n) be the third derivative of -n**4/24 + 3*n**3 + n**2. Give a(b).
8
Let o(w) = 2*w**2 + 11*w - 17. Let k = 11861 - 11869. Calculate o(k).
23
Let q = -86 + 120. Suppose 4*b + q = -2*p, 7*b + 50 = 2*b - 4*p. Let j(m) = -m**3 - 7*m**2 - 7*m - 6. Determine j(b).
0
Let p be -3 + (-3 + -3)/((-14)/4 + 2). Let d(x) = -7*x**3 + x**2 + 2*x - 3. Calculate d(p).
-7
Suppose 3*v - 3 = 3*d, 0*v + 8 = 4*v - 3*d. Suppose 3*t + v*t = 0. Suppose 2*b - 10 + 14 = t. Let m(a) = a**2 + 2*a + 3. Determine m(b).
3
Suppose -12 = 4*b + 4*n, 6*b + 4*n + 18 = 5*b. Let i(s) = 0 + 4 + 0 + 5*s - b*s. Suppose -63 = -237*w + 258*w. What is i(w)?
-5
Let l(m) = 3*m**2 + 15*m - 15. Let s be l(1). Let k(i) = 4. Let j(f) = f - 13. Let u(z) = 4*j(z) + 14*k(z). What is u(s)?
16
Let b(s) = 3*s**3 - 2*s**2 - 3*s - 2. Let j(l) = 16*l**3 - 9*l**2 - 15*l - 11. Let g(h) = 11*b(h) - 2*j(h). Let k be 1*7 - (18 + (-112)/7). Calculate g(k).
10
Let m(v) be the second derivative of v**7/2520 - 11*v**6/720 + v**5/24 + 109*v**4/4 + 334*v. Let f(b) be the third derivative of m(b). What is f(11)?
5
Let v = 71 + -86. Let x be ((-45)/(-5))/3 - v. Let z(p) = -p**3 + 17*p**2 + 20*p - 38. Let u be z(x). Let b(g) = -3*g**2 - g. Give b(u).
-10
Let q(n) = -3 + 3 + 6 + 45 - 132 - 3*n. Determine q(-24).
-9
Let r(y) = 8*y + 9. Suppose 80*t - 276 = 124. Calculate r(t).
49
Let b(p) = 32*p - 15. Let u(s) = -92*s + 46. Let q(r) = 11*b(r) + 4*u(r). What is q(2)?
-13
Let s(k) = -3888*k**3 + 3886*k**3 - 6 - 46*k**2 + 0*k**2 - 46*k - 2*k**2. What is s(-23)?
-6
Let u(c) = c**2 + 2*c - 1. Suppose -4*f - 6 = -2*w - 8*f, w = -f. Let l(z) = -2*z**2 - 16*z. Let s(d) = w*u(d) - l(d). Calculate s(8).
19
Let t(r) be the second derivative of -r**5/20 - 7*r**4/12 + r**3/3 + 4*r**2 + 465*r. Determine t(-4).
-48
Let r(c) = 12*c**2 - 3*c - 10. Let y(u) = 10*u**2 - 11. Let w(v) = 4*r(v) - 5*y(v). What is w(-7)?
1
Let f(v) = -44*v - 1. Let x(r) = -309*r - 28. Let l(z) = -14*f(z) + 2*x(z). Calculate l(-10).
-22
Let k(w) = -31*w + 221. Suppose g = s - 8, -5856*s + 5851*s + 3*g + 38 = 0. Calculate k(s).
4
Let j be 5/(75/(-10))*-294. Let m(u) = 172 - 17*u**2 - j - 16*u + u**3 + u**2. Calculate m(17).
-7
Let m(i) = -i**3 + 3*i**2 + 8*i - 6. Suppose 5*g = 4*d - 19, 0 = -5*g - 31*d + 33*d - 17. Calculate m(g).
24
Let d(l) = -6*l - 8. Let i(a) = -44*a + 237. Let h be i(3). Let m = 101 - h. What is d(m)?
16
Let l(q) = -28*q**2 - 197*q - 65. Let t(y) = 7*y**2 + 51*y + 16. Let w(f) = 2*l(f) + 9*t(f). Give w(-9).
-4
Let c(u) = -u**2 - 8*u + 13. Let d be -2 + 68 - (-2 - -10). Suppose 0 = -v + 5*p - 15, 5*v + d = p + 7. Calculate c(v).
-7
Let b(s) = -5*s**2 - 7*s + 1. Let m(k) = 13*k**2 + 13*k - 1. Let c(n) = -5*b(n) - 2*m(n). Give c(10).
-13
Let r = -1569 - -1569. Let h(z) = z**2 - z - 41. Calculate h(r).
-41
Let n = 14 + -10. Let s(d) be the first derivative of 3 + 17 + 136 + 18*d + 2*d**2 - 13*d. What is s(n)?
21
Let h(d) = d**2. Let o(c) = -7*c**2 - 2*c + 4. Let v(f) = -6*h(f) - o(f). Let q = -110 - -119. Suppose -q*i + 29*i = -60. Give v(i).
-1
Let v(g) = -g + 2. Let t be (-2)/(-7) + 286/77. Let k be -2 - t*4/(-8). Suppose -2*u - 6 = -k. Give v(u).
5
Suppose -35 = -229*i + 224*i. Let y(v) = -7 + i*v - 4 + 6*v**2 - 5*v**2. What is y(-9)?
7
Let w be 17/(-34)*4*-1. Let n(c) = 5*c**2 - 3*c - 4*c**w - 3 + 3 + 6. Give n(5).
16
Let s = 20 + -14. Let g(c) = s + 4 - 2 + c. Let h = -25603 + 25596. Give g(h).
1
Let b(l) be the first derivative of 39*l**2/2 - 195*l + 240. Let w be b(5). Let z(m) = -m**3 + m**2 + 7. Determine z(w).
7
Let o(w) = w**2 + 75*w + 5. Let t(m) = 2*m**2 + 116*m + 2. Let k(f) = 3*o(f) - 2*t(f). Determine k(2).
-7
Let m(d) = d**3 + 2*d**2 - 3*d. Let h be m(-3). Suppose -48*l + 153 = -31*l. Let n(x) = 0 + l - 307*x + 306*x. Give n(h).
9
Let z(c) be the second derivative of c**4/12 - 13*c**3/6 - 31*c**2/2 - 8278*c. Calculate z(15).
-1
Let o(j) = 3*j**2 + j + 5. Let l(b) = -b**2 + 3*b - 39 + 11*b**2 + 29 + 24. Let f(y) = -2*l(y) + 7*o(y). What is f(0)?
7
Let q(w) = -w**2 - w. Suppose 16 = 5*b + 3*b. Let y be q(b). Let d(k) = -k**3 - 6*k**2 - k. Determine d(y).
6
Let x = 47 + -24. Suppose -m + 2*u = -2*u + x, 5*u - 25 = 0. Let d(b) = 136 - 66 + b - 66. Determine d(m).
1
Suppose 0 = -4*w - 8, d - 4*w + 29 = 44. Let r be (6/4)/(9/12). Suppose p = -r + d. Let u(c) = -c - 3. Give u(p).
-8
Let n(m) = 4*m**2 + 5*m - 3. Suppose 15*h = 3*r + 11*h - 50, -2*r - h = -37. Suppose 18*x = 12*x - r. Determine n(x).
18
Let v(u) = u**2 + 16*u + 13. Let o = -7568 + 7550. Determine v(o).
49
Let w be -59 - -55 - ((1 - -1) + (0 - 6)). Let m(d) = 8*d**2 + 4*d + 6. Determine m(w).
6
Let i(o) = 503*o - 9552. Let r be i(19). Let l(j) = j**3 - 4*j**2 - 7*j - 13. Give l(r).
-23
Let v be 16/112 + (0 - (-564)/(-28)). Let r(u) = 3*u + 18. What is r(v)?
-42
Let c(t) = -t**3 + 34*t**2 + 35*t + 2. Let x(q) = q**3 + 4*q**2 - 109*q + 139. Let n be x(-13). Give c(n).
2
Suppose 0*x = 3*x - 6. Let l(c) = c**3 - c**3 + 2*c**x + 2 + c**3. Let z(t) = 20*t - 382. Let v be z(19). Calculate l(v).
2
Let d(c) = c**2 - 1. Let k be (-762 - 2) + 17/(68/16). Let l = -760 - k. What is d(l)?
-1
Let j(s) = 18 - 8 + 22 + 6 + s**2 - 7 - 13*s. Determine j(7).
-11
Let i(l) = 87*l - 27. Let n(t) = -130*t + 27. Let b(u) = 3*i(u) + 2*n(u). What is b(13)?
-14
Let x(g) = g - 15. Suppose 0 = -39*v + 47*v - 48. Determine x(v).
-9
Suppose 3*w - 44 + 2 = 0. Let p = w - 10. Let l(a) = a + 0 - 2*a - 5 + 1. What is l(p)?
-8
Let q(v) = v**3 + 8*v**2 + 13*v + 15. Let k = 23712 + -23718. Determine q(k).
9
Suppose 0 = -5*s - 40, k - 35 = -s - 46. Let v(q) = -q**3 - 3*q**2 + 6*q + 13. Give v(k).
-5
Let j(g) = 4 - g**2 + 